0cb + 0?
50cb
In base 13, what is -2 - 24c6bc?
-24c6c1
In base 7, what is 2204453 + 1?
2204454
In base 16, what is 15ce6 - -7?
15ced
In base 9, what is -13210383 + -2?
-13210385
In base 9, what is 7115 + 10?
7125
In base 6, what is -15433 - -10045?
-5344
In base 11, what is -2 - 94a13a?
-94a141
In base 7, what is -4346 + 511?
-3535
In base 10, what is 5 + 824303?
824308
In base 6, what is 2 - -132?
134
In base 15, what is -1 - 3ebab?
-3ebac
In base 5, what is -30 + -10233120?
-10233200
In base 9, what is -2153 - -207?
-1845
In base 7, what is -2435 - 115?
-2553
In base 13, what is 5 + -70478?
-70473
In base 3, what is 22001 + 221111?
1020112
In base 8, what is 7766 - -11?
7777
In base 9, what is -104 - 33344?
-33448
In base 12, what is 0 - -14b9?
14b9
In base 11, what is 1 + 9263a9?
9263aa
In base 10, what is 1629838 - 3?
1629835
In base 2, what is -110 + -11010110010001?
-11010110010111
In base 11, what is 104 - -416?
51a
In base 14, what is -2 - 88281?
-88283
In base 9, what is 21 - -11740?
11761
In base 12, what is -3a - -671?
633
In base 11, what is -1 - 4946?
-4947
In base 6, what is 13200 - 15020?
-1420
In base 13, what is -582 + 3a3?
-1ac
In base 8, what is 1623165 - -2?
1623167
In base 13, what is -9 + 8774?
8768
In base 11, what is -2752 - -82?
-2680
In base 14, what is -1d + d7?
b8
In base 2, what is -10001010010010 - 110010?
-10001011000100
In base 11, what is 5557 - -275?
5821
In base 8, what is -6752 - 25?
-6777
In base 16, what is 9c - 3de?
-342
In base 16, what is 5c49b + -2?
5c499
In base 10, what is 8 - -61179?
61187
In base 8, what is 1 + -67403?
-67402
In base 11, what is a7a05 - 5?
a7a00
In base 10, what is 5985 + -38?
5947
In base 2, what is 110110001111000111 + 1?
110110001111001000
In base 7, what is -463113 - -2?
-463111
In base 9, what is -3 + 17265?
17262
In base 7, what is -10324 - 3?
-10330
In base 2, what is -110 + 11001000001001?
11001000000011
In base 4, what is -3 + -111211031?
-111211100
In base 12, what is 17894 + 7?
1789b
In base 5, what is -2 - -4213034?
4213032
In base 7, what is -16 - 3562?
-3611
In base 13, what is 596c7 + -2?
596c5
In base 6, what is 2 - 3103401?
-3103355
In base 3, what is -121202101022 + -1?
-121202101100
In base 4, what is -11013 + 3021?
-1332
In base 4, what is -13 + -123323312?
-123323331
In base 16, what is 68 + -e2?
-7a
In base 13, what is 162 - 185c?
-16ca
In base 3, what is -1211121 - -1021?
-1210100
In base 7, what is -1620223 + 2?
-1620221
In base 12, what is -9 - 2b03?
-2b10
In base 11, what is 8 + -2727a?
-27272
In base 8, what is -170302 - -3?
-170277
In base 15, what is -c56a + -30?
-c59a
In base 8, what is -26 + -300760?
-301006
In base 5, what is 40 + 40101?
40141
In base 15, what is 5 - 80788?
-80783
In base 12, what is 59850 + -3?
59849
In base 5, what is 224 + -433114?
-432340
In base 12, what is 107 + -34a?
-243
In base 4, what is -121 + -31113?
-31300
In base 7, what is -235 + 2063?
1525
In base 12, what is -81a + 13?
-807
In base 5, what is 1422131 - -1?
1422132
In base 2, what is 1 - 100001010001110?
-100001010001101
In base 16, what is -5 - 159e?
-15a3
In base 8, what is 156 + -47?
107
In base 10, what is 597991 + 1?
597992
In base 6, what is 102424 + 202?
103030
In base 7, what is -34132 + -20?
-34152
In base 7, what is 1 - 51412?
-51411
In base 10, what is -220635 + 1?
-220634
In base 9, what is -2351 - 16?
-2367
In base 5, what is 3422111 + 4?
3422120
In base 2, what is 11 - 1101100100100?
-1101100100001
In base 8, what is 426567 + -2?
426565
In base 4, what is 10203100 + 10100?
10213200
In base 16, what is -6 + 79bf?
79b9
In base 8, what is -657 + 4143?
3264
In base 4, what is 1110 - -1023322?
1031032
In base 9, what is -6 - 1835?
-1842
In base 9, what is -3124 + -3000?
-6124
In base 5, what is 2 + 322210224?
322210231
In base 12, what is 1034 + -25?
100b
In base 7, what is 25031 - -11?
25042
In base 12, what is 18a3 + 45?
1928
In base 2, what is 101111000 - -111100010?
1101011010
In base 14, what is 28 - -1c626?
1c650
In base 7, what is 25252 - -10?
25262
In base 15, what is -8 + 12664b?
126643
In base 10, what is 130265 - -1?
130266
In base 4, what is -1231 + 2200223?
2132332
In base 5, what is 24 - 143313?
-143234
In base 12, what is -3 - -255178?
255175
In base 2, what is -1 - -101001111110?
101001111101
In base 12, what is 3 + -9760?
-9759
In base 12, what is 85a - 105?
755
In base 7, what is 10350 + -2?
10345
In base 5, what is 10031 + 22?
10103
In base 2, what is 10000000101001 - 1110111?
1111110110010
In base 12, what is 288 + 4aa?
776
In base 4, what is 2 + 23002130?
23002132
In base 13, what is 8 - -2bc8?
2c03
In base 13, what is 567 + -2232?
-1998
In base 5, what is -44 + 234333?
234234
In base 10, what is 117141 - 8?
117133
In base 16, what is -114 - -2255?
2141
In base 8, what is 1650 + -21?
1627
In base 3, what is -1200201112002 + -1?
-1200201112010
In base 15, what is 4dda8 - 3?
4dda5
In base 5, what is 13 + -22401433?
-22401420
In base 14, what is -1 - -463c2?
463c1
In base 14, what is -2a2 + 67?
-239
In base 9, what is 506 + 14002?
14508
In base 7, what is 3 + 111613?
111616
In base 13, what is -242750 - -5?
-242748
In base 13, what is 172 - 10?
162
In base 8, what is -1 + -261435?
-261436
In base 13, what is 9183a4 + 1?
9183a5
In base 15, what is -7 + 238?
231
In base 2, what is -100010000100 + -110010100?
-101000011000
In base 5, what is 201144 + 22?
201221
In base 9, what is -58575 - -4?
-58571
In base 9, what is -476 - -72?
-404
In base 16, what is -49f2 + 0?
-49f2
In base 6, what is -230452 - 3?
-230455
In base 2, what is 1110001010010111 + -100?
1110001010010011
In base 13, what is 2 + 848?
84a
In base 15, what is 3db + 40c?
7e8
In base 4, what is 1000322 - 20?
1000302
In base 7, what is -2 - -314566?
314564
In base 14, what is 5a + b0?
12a
In base 4, what is -101333302 - 2?
-101333310
In base 6, what is 5 + 10015540?
10015545
In base 13, what is 299b - 2?
2999
In base 10, what is -321706 - 2?
-321708
In base 16, what is -8286 + 12?
-8274
In base 5, what is 2304 + 210?
3014
In base 7, what is -1306440 + -16?
-1306456
In base 11, what is -12 - 228?
-23a
In base 13, what is -6 + 10a0?
1097
In base 5, what is 0 + 2402443?
2402443
In base 7, what is -100450 - 4?
-100454
In base 11, what is -6509 + -44?
-6552
In base 14, what is 6b21 + 4?
6b25
In base 10, what is 189566 + -3?
189563
In base 2, what is -10000100000001000 - -10?
-10000100000000110
In base 8, what is -14420 + -21?
-14441
In base 3, what is 22020212 - -1?
22020220
In base 5, what is 22101 - -20402?
43003
In base 4, what is 12103 - 101?
12002
In base 6, what is -5 + -1411124?
-1411133
In base 13, what is 639 - 6c?
59a
In base 12, what is -6b7 - -37?
-680
In base 8, what is 310 - 1055?
-545
In base 9, what is 3 - -456525?
456528
In base 2, what is -10 - -10111101000111001?
10111101000110111
In base 4, what is 310220223 - -3?
310220232
In base 11, what is 27954 + -26?
27929
In base 8, what is -161520 + 5?
-161513
In base 14, what is -1 + 268b?
268a
In base 7, what is 1100 + -156?
611
In base 16, what is 1d + 27d?
29a
In base 10, what is 7 - -14885?
14892
In base 16, what is -38f + -693?
-a22
In base 3, what is 1222122020 - -1001?
1222200021
In base 11, what is -52 + 14606?
14564
In base 15, what is -44669 + -2?
-4466b
In base 15, what is -6 + -66ac6?
-66acc
In base 16, what is a6a3 - 12?
a691
In base 4, what is -11202 + 1030113?
1012311
In base 13, what is -306b + 7b?
-2cc0
In base 12, what is -6429 + -2a?
-6457
In base 5, what is -410 - 20222?
-21132
In base 12, what is 332 - -3a?
370
In base 12, what is -a + -24a0?
-24aa
In base 16, what is 7a1e + -4a?
79d4
In base 15, what is 294 - 71?
223
In base 15, what is -172 - -10e2?
e70
In base 8, what is -306022 - -3?
-306017
In base 4, what is -30200 - 1122?
-31322
In base 3, what is -120210012 + -11?
-120210100
In base 2, what is 100001101010 - -111010?
100010100100
In base 3, what is -2200 - -1210122?
1200222
In base 2, what is 11110001 - -10100100?
110010101
In base 3, what is -10112 - -222?
-2120
In base 7, what is 311664 - 33?
311631
In base 9, what is -5282 + 341?
-4841
In base 12, what is -927 + -25?
-950
In base 6, what is -12 + 11324004?
11323552
In base 8, what is -76035 - -2?
-76033
In base 2, what is 11 - 10000101100010